 the highest common factor of l and 16.
2
Let p = 487 + -472. Calculate the greatest common divisor of 25 and p.
5
Let l(q) = 39*q + 2. Let y be l(2). Let a(c) = 13*c - 11. Let r be a(6). Let n = r + -57. Calculate the greatest common divisor of y and n.
10
Let w be 4/3*345/46. What is the highest common factor of w and 920?
10
Let u be -2*(-2)/(-4) - -3. Suppose -4*z = -i + 18, 2*z + 28 = u*i - 2. Let p be 2/14 - (-502)/i. Calculate the greatest common factor of p and 9.
9
Let c be (8/6)/((-2)/(-6)). Suppose 0 = -28*v + 121 + 887. What is the highest common factor of v and c?
4
Suppose -3*p = -3*i + 69, p = 5*i + 4*p - 75. Calculate the greatest common divisor of i and 63.
9
Suppose 0*a + 4 = -q + 4*a, 0 = -5*q + 4*a + 12. Let y be 84*(1 + q/(-8)). What is the highest common divisor of 21 and y?
21
Let z = -100 + 58. Let n = 162 + z. Suppose 0 = 23*j - 28*j - 3*l + 84, 5*l - 15 = 0. What is the greatest common divisor of j and n?
15
Let f(a) be the third derivative of a**4/24 + 14*a**3/3 - 2*a**2. Let t be f(-10). Calculate the highest common divisor of t and 180.
18
Suppose 3*k - 165 = o, -46 = -k - 5*o - 7. Suppose 5*b + 3*u - 675 = 0, 5*b + 5*u + 0*u = 675. Calculate the greatest common divisor of k and b.
27
Let z(k) = -41*k**3 - k**2 + k. Let w be z(1). Let y = -31 - w. Suppose -4*s = -239 - 81. Calculate the highest common factor of s and y.
10
Suppose q - 63 - 17 = -i, -68 = -i + 2*q. Calculate the highest common factor of i and 57.
19
Let o(i) = -2*i**2 + 11*i + 11. Let z be o(-7). Let v = -134 - z. What is the greatest common divisor of 20 and v?
10
Suppose 2*z - 5*p - 1 = 0, 3*z = -3*p - p + 36. Let k = -1 - z. Let c be 1*(0 - (-2 + k)). Calculate the greatest common factor of 11 and c.
11
Let v(h) = 4*h**2 + 29*h + 44. Let g be v(-10). Calculate the greatest common factor of g and 14.
14
Suppose -3*c = -5*c + 8*c. Suppose -12*o - 4*d = -7*o - 35, c = 4*o - d - 49. Calculate the highest common divisor of 99 and o.
11
Suppose 41 = 5*w - 34. Suppose -4*h + 18 = -18. Let j = w - h. What is the highest common factor of j and 6?
6
Let g(a) = -a**3 - 8*a**2 + 10*a + 12. Let k be g(-9). Let u(h) = 12*h + 4. Let r be u(k). What is the highest common factor of r and 10?
10
Suppose -3*q + w + 432 = 0, 2*q - w - 265 = 23. Calculate the highest common factor of 90 and q.
18
Let d be 24/1 - (-2 + 4). Let s = -3287 + 3320. Calculate the greatest common factor of s and d.
11
Suppose 0 = -3*p + 5*c + 469, -3*c - 3 + 15 = 0. Let a = -70 + p. Calculate the greatest common factor of a and 31.
31
Suppose -2*v + 12 = -v. Let t(m) = -2*m + 27. Let b be t(v). Suppose -j = -43 + b. Calculate the greatest common divisor of j and 16.
8
Suppose 4 - 8 = w. Let o be 26 + 5*w/(-10). Calculate the greatest common factor of o and 196.
28
Let f be (-35)/140 - (-122)/8. Let v(n) be the third derivative of -19*n**4/12 - n**3/6 - n**2. Let l be v(-2). What is the highest common divisor of l and f?
15
Let q(t) = 0*t + t**3 + 2*t + 14*t**2 - 25*t**2 - 4 + 16. Let x be q(11). Calculate the greatest common divisor of x and 34.
34
Let j(y) = y**3 - 7*y**2 + 7*y + 2. Let b be j(6). Suppose -b*x = -120 + 24. What is the greatest common divisor of x and 24?
12
Suppose -3*z - 6 = -5*f, -5*f + 9 = -4*f + 2*z. Suppose f*h + u + 93 = 0, -4*u = 3*h - u + 87. Let n = h + 60. Calculate the highest common divisor of n and 70.
14
Let h be (25/(-20)*2)/((-1)/28). What is the greatest common divisor of 28 and h?
14
Suppose -22*a - 6 = -19*a, b + a - 5 = 0. Let l(h) = -h**2 + h + 14. Let u be l(0). What is the highest common factor of u and b?
7
Suppose 4*k + 5*z = 76, -k = -3*k - 3*z + 40. Suppose v = k - 6. What is the highest common divisor of v and 8?
8
Suppose 8*f = 82 + 6. Let q(r) = r**3 + r + 121. Let y be q(0). What is the greatest common divisor of y and f?
11
Let x = -13 + 26. Suppose 0 = 4*o + 3*a - 358, 73 + 20 = o - a. Calculate the greatest common divisor of o and x.
13
Let g(x) = 55*x + 273. Let h be g(4). What is the greatest common factor of h and 17?
17
Let j(x) = -25*x + 407. Let o be j(16). What is the highest common factor of 7 and o?
7
Let p = -656 - -1097. Calculate the highest common divisor of 63 and p.
63
Let g(o) = o**3 + 2*o**2 + 13. Let m be g(0). Suppose -3*t = -3*b + 9, -t + 0*t - m = -3*b. What is the greatest common divisor of 22 and t?
2
Suppose -2*a - 72 = 4*i, -5*i - 2*a = -5*a + 90. Let r = i - -60. Calculate the highest common factor of r and 21.
21
Let t be (-5)/(1/(-1)*1). Let m be 0/(1*-6 + 4). Suppose 135 = -m*f + 3*f. What is the greatest common factor of t and f?
5
Let k(q) = 6*q + 16. Let a be k(-3). Let o be a/2*4*5/(-10). What is the greatest common divisor of o and 8?
2
Suppose -4*i = -i - 9, -h + 6 = -i. Let p(m) = m**3 + 4*m**2 + 4*m - 1. Let u be p(-4). Let g = u + 35. What is the highest common divisor of h and g?
9
Suppose 5 + 7 = 4*r. Let l(d) = d**3 - 2*d**2 - 3*d + 5. Let u be l(r). What is the highest common factor of 50 and u?
5
Suppose -30 = -i - 3*t, 0*i - 5*i = -3*t - 150. Let r = 38 - i. Calculate the highest common factor of 64 and r.
8
Suppose -12*w - 16*w = -896. Calculate the highest common divisor of w and 512.
32
Let s be (-2)/(-5) - 68/(-5). Let k = 148 + -120. What is the greatest common factor of s and k?
14
Let c be (-2780)/(-6) + (-4)/(-6). Calculate the highest common factor of 261 and c.
29
Suppose 6*p - 15 = 5*p. Suppose p = 6*h - 5*h. Let l = -12 + h. What is the greatest common factor of l and 27?
3
Let t(a) = -a**3 - 9*a**2 + 11*a + 13. Let z be ((-1)/2)/((33/60)/11). Let b be t(z). What is the highest common divisor of b and 9?
3
Suppose 0*t + 27 = 4*t - q, t = -5*q + 54. Let i(k) = k + 117. Let j be i(0). What is the highest common factor of t and j?
9
Let h = 21 + -16. Suppose -h*z - 109 - 21 = 0. Let o = z + 32. What is the greatest common factor of o and 6?
6
Let k = -672 - -817. Calculate the highest common factor of k and 319.
29
Let z be (0/2 + -36)*(-324)/48. Suppose -5*n - z = -1098. What is the highest common divisor of 19 and n?
19
Let s(y) = y**2 - y - 2. Let m be s(1). Let o = -22 - -14. Let u be o/m*88/16. What is the greatest common factor of 2 and u?
2
Let p(o) = -26*o + 5. Let c be p(-5). Suppose 10*a - 15*a + c = 0. What is the greatest common factor of 9 and a?
9
Suppose 0 = 3*z + 4*w - 22, -3*z - 6 = -0*w - 3*w. Suppose -z*h - 27 = -85. What is the highest common factor of 203 and h?
29
Let m(c) = -c + 8. Let w be m(4). Suppose -w*a + n = -15, 6*a - 27 = a + 4*n. Let b be (-8)/6*66/(-44). Calculate the greatest common divisor of a and b.
1
Suppose 2*q + 3*d = 79, d - 188 = -4*q + 5*d. Suppose -5*z = 4*f - 3 - 3, 22 = 5*f - z. Calculate the highest common factor of q and f.
4
Let l be (8/(-3))/((-2)/6). Let y(s) = s**2 - 10*s + 103. Let r be y(27). Let u be 2/(-8) + r/l. Calculate the highest common factor of u and 14.
14
Let b = 257 + -224. Let m = 79 + -46. Calculate the greatest common divisor of m and b.
33
Let c = 1198 + -469. What is the highest common factor of 81 and c?
81
Let a = 106 + -167. Let h = a + 86. What is the greatest common divisor of h and 125?
25
Suppose -4*y + 33 = 3*z, 5*y - 3*z = 7*y - 15. Let v be 12/(-2*(-3)/y). Let f = 91 + -64. Calculate the greatest common factor of v and f.
9
Let r be (1 - (-349 - -2)) + 3. Suppose -4*m + r = -273. Suppose -s + 5*s - m = 0. What is the greatest common divisor of s and 13?
13
Let z = 280 - -180. What is the highest common divisor of z and 20?
20
Let q be (3/(9/(-4)))/((-23)/207). Let a(g) = 2*g**2 - 24*g + 6. Let h be a(q). Calculate the highest common factor of h and 42.
6
Let y = 1211 - 801. What is the highest common factor of y and 30?
10
Suppose -384 + 24 = -3*q. What is the greatest common factor of 390 and q?
30
Let f(w) = -81*w - 191. Let b be f(-3). Let j be ((-4)/3)/(2/(-39)). What is the greatest common divisor of j and b?
26
Let b(d) be the second derivative of -d**5/20 + 5*d**4/12 + d**3/2 + 9*d**2/2 + 11*d. Let q be b(5). What is the greatest common divisor of q and 6?
6
Let g be -11*((-2)/((-4)/6))/(-3). Let h(z) = -27*z - 4. Let m be h(-3). What is the highest common divisor of g and m?
11
Let i be ((-456)/(-84))/(((-3)/21)/(-1)). What is the highest common factor of 551 and i?
19
Suppose 3*k - 290 = 4*a, 